4332. Let i(h) = 53*h. Calculate the remainder when v is divided by i(1).
51
Let i = -8 + 17. Let c = i - 2. Calculate the remainder when c is divided by -6*(240/32 + 16/(-2)).
1
Let w be 5/((-30)/8)*15. Let l(m) = -5*m + 26. Let t be l(4). Calculate the remainder when t/(-10) - 1472/w is divided by 19.
16
Suppose 0 = 7*t - 3*t. Calculate the remainder when 12/(-4) - (t - 11) is divided by 3.
2
Let q = 247 - 203. What is the remainder when q is divided by 23?
21
Suppose 34*m = 4*m + 1920. Let y be 1 - (0/(-2) + 2). What is the remainder when m is divided by y - (-1 - -24)/(-1)?
20
Let p(y) = 17*y**3 + 2*y**2 - 1. Suppose -v - i = -7, 3*i - 2*i - 22 = -4*v. Calculate the remainder when p(1) is divided by v.
3
Suppose -8 = 7*i - 8*i. Suppose -3*k + 11 = 4*n, -n - 11 = -k - k. Suppose 5*a - 28 - 2 = d, 0 = 2*a + d - k. Calculate the remainder when i is divided by a.
3
Suppose -15 = -30*q + 135. Calculate the remainder when 68 is divided by q.
3
Suppose -6 = 5*a - 2*a + 3*m, -6 = 5*a + 4*m. What is the remainder when 10 - 7 - -28*a is divided by 20?
19
Let q = 524 - 458. What is the remainder when q is divided by 11?
0
Suppose 0 = -3*u + u + 26. Let j(l) = -10 - 70*l**2 - 12*l - l**3 + 42*l**2 + 42*l**2. What is the remainder when j(u) is divided by 2?
1
Suppose -2*u - 12 - 30 = -5*g, 4*g - 30 = -2*u. Let a(y) = 7*y - 1 - 14*y + 3*y + 6*y**2 - 5*y**2. Calculate the remainder when a(8) is divided by g.
7
Let a = -44 - -41. What is the remainder when ((-151)/a)/(20/60) is divided by 19?
18
Let w = 50 + -50. Suppose -d + 2*d = w, 8 = 4*g + 5*d. What is the remainder when 5 is divided by g?
1
Let s be (6*-1 - -4) + 4. Let r(x) = 18*x**2 - 3*x + 5. Calculate the remainder when r(s) is divided by 25.
21
Suppose 2*p + 44 = -3*a + 4*a, 0 = -5*p - 20. Suppose -4*w - 4*s = 40, s = 4*w - 4*s + 13. What is the remainder when a is divided by ((-26)/(-1))/(9 + w)?
10
Let m = 1226 - 1171. Suppose -2*k = -2*o - 3*k + 652, -1656 = -5*o + 4*k. What is the remainder when o is divided by m?
53
Let k(q) = 7*q**3 + 29*q**2 - 11*q - 41. Calculate the remainder when 506 is divided by k(-4).
12
Let h = 30 + -22. Suppose 0 = -5*d + 3*d - 3*z + 21, -2*z = -5*d + 100. Calculate the remainder when d is divided by h.
2
Let a = 30 - 58. Calculate the remainder when 126 is divided by (-892)/a - (-3)/21.
30
Suppose -82*k - 1054 = -99*k. What is the remainder when 380 is divided by k?
8
Let g(h) = -h**2 + 6*h - 9. Let w be g(5). What is the remainder when (w/(-5))/((-26)/(-2275)) is divided by 24?
22
Let x = 82 - 31. Suppose -5*v + 60 = 2*p - x, 2*v - 4*p = 54. Let w = 35 + 32. Calculate the remainder when w is divided by v.
21
Suppose s = 5*r + 227, -s + 4*r + 84 = -141. Calculate the remainder when s is divided by 70.
7
Let y = -21 + 58. Suppose -n + 97 = -2*l, -5*l = 4*n - 503 + 50. What is the remainder when n is divided by y?
33
Let g(k) = -k**3 + 8*k**2 - 3*k + 36. What is the remainder when 57 is divided by g(8)?
9
Suppose 50 = -4*h + 214. Let g(f) = f**2 + 6 - 2 - 3*f - 1. What is the remainder when h is divided by g(6)?
20
Let d(t) = -t - 2. Let b be d(2). Let l(a) = a**3 + 3*a**2 - 4*a + 2. Suppose -2*i = 4, -5*u + 0*i + 33 = -4*i. What is the remainder when u is divided by l(b)?
1
Let i(m) = m**2 - 5*m + 12. Let z(g) = -2*g**3 - g**2 + g. Calculate the remainder when i(6) is divided by z(-2).
8
Suppose 3*f = d - 77, -5*d = f - 0*f - 385. Calculate the remainder when d is divided by 27.
23
Suppose 0 = -12*w + 374 + 334. What is the remainder when w is divided by 12?
11
Suppose 0 = -a, -3*a + 6 + 3 = 3*h. Suppose -3*j - k + 17 = 5, 0 = 4*j + h*k - 21. Calculate the remainder when j is divided by (-39)/(-15) + (-4)/(-10).
0
Let z(r) = -2*r**2 - 4*r + 7. Let w be z(-6). Let c = -20 - w. Suppose 3*m = -0*m + c. Calculate the remainder when m is divided by 2.
1
Suppose 3*i = 3*l + 90, 5*i + 22 - 152 = -5*l. What is the remainder when 223 is divided by i?
27
Suppose -4*t + 20 = -0*t. Suppose 57*j = 33*j + 384. Calculate the remainder when j is divided by t.
1
Calculate the remainder when 450 is divided by 12/(-15) + (-438)/(-10) + -2.
40
Let c be (-3)/2*(-6)/(-3). Let y = 28 + -18. Calculate the remainder when 1/(0 + c/(-54)) is divided by y.
8
Suppose 2*s = -m + 97, 2*s - 3*m - 109 + 0 = 0. Suppose -4*n - 12 = 2*y - 56, s = 5*n + 5*y. Calculate the remainder when 71 is divided by n.
11
Suppose 5*v + 2*r - 185 + 8 = 0, 103 = 3*v + 2*r. Suppose 0 = p + 2*w - 77, p - w = 6*p - 358. Calculate the remainder when p is divided by v.
34
Suppose -6 = -2*o, y - 4*o + 15 = -2*y. Let a(w) = -10*w**3 - w**2 - w. Let h(n) = n**2 - 3*n - 7. Calculate the remainder when a(y) is divided by h(5).
1
Let r = 42 + -25. What is the remainder when 8/(-2)*(-1364)/88 is divided by r?
11
Let l(n) = -12*n - 3. Let m be l(-2). Suppose -h + m = 4. What is the remainder when 80 is divided by h?
12
Suppose -3*i + 159 = 2*t, 3*t - 3*i - 153 = t. Suppose -2*z + z - f = -8, -50 = -5*z + 5*f. What is the remainder when t is divided by z?
6
Let k = 434 - 194. Suppose 11*o - 6*o = k. Calculate the remainder when o is divided by 17.
14
Suppose -3*o + 4*c = 3*c - 72, 2*c = o - 19. Calculate the remainder when 93 is divided by o.
18
Suppose 0 = 4*d - v - 262, 326 = 13*d - 8*d - 2*v. Let k = -331 - -590. What is the remainder when k is divided by d?
61
Let m(q) = q**3 - 13*q**2 - 14*q + 19. Let c be m(14). Suppose -o + 13 = 4*p - 2*p, -5*p = o - c. Calculate the remainder when o is divided by 6.
3
Suppose -718 = -9*r - 79. Calculate the remainder when r is divided by (-71)/(-4) - (-4)/16.
17
Let f(t) = 53*t**2 + 14*t - 5. Calculate the remainder when f(4) is divided by 17.
15
Let u = 418 + -387. What is the remainder when 62 is divided by u?
0
Let g(j) = j**3 - j. Calculate the remainder when ((-210)/(-8))/(3/8) is divided by g(3).
22
Suppose -7*c + 806 = -692. Calculate the remainder when c is divided by 84.
46
What is the remainder when 180 is divided by 6/24 + 2 + 105/12?
4
Suppose -m = -6*m - r + 74, 5*r - 25 = -2*m. Calculate the remainder when 163 is divided by m.
13
Suppose 2*v + 3*z - 12 = 2*z, 13 = 3*v - z. Suppose -v*s + 33 + 27 = 0. Suppose 0 = -r + 50 - 4. What is the remainder when r is divided by s?
10
Let v = -601 - -625. What is the remainder when 98 is divided by v?
2
Let k = -206 + 296. What is the remainder when 355 is divided by k?
85
Let b(v) be the first derivative of v**4/2 - 4*v**3/3 + 3*v**2/2 - v + 1. Let h = 6031 + -6027. What is the remainder when b(2) is divided by h?
1
Let v = 611 - 592. What is the remainder when v is divided by 12?
7
Let h(z) = -172*z - 422. Calculate the remainder when h(-10) is divided by 50.
48
Let l be (0 - 33/2)*8/(-4). Suppose -3*g + l = -6. Calculate the remainder when g is divided by 4.
1
Let s(v) = -3*v**2 + 25*v - 7. Let w = -5 - -11. Suppose 0 = y - 5 - 4. Calculate the remainder when s(w) is divided by y.
8
Let o = 975 - 907. Calculate the remainder when o is divided by 12.
8
Let o(w) = -27*w - 7. Calculate the remainder when o(-5) is divided by -5 + 3 + 6 + 11 + -2.
11
Suppose 4*c + c = 20. Suppose 3*y = -2*s - 3*s - 35, c*y = -3*s - 43. Let b = y + 12. Calculate the remainder when 7 is divided by b.
1
Suppose 136 = 5*o - 2*a, -o - 11*a + 32 = -13*a. What is the remainder when o is divided by 10?
6
Calculate the remainder when 57 is divided by 0/2 + 18 - 3.
12
Suppose -a + 16 = -w - 19, 0 = -3*a - 5*w + 73. Calculate the remainder when 226 is divided by a.
9
Suppose 0*p - 18 = -2*p + 5*q, -4*p - 4*q + 8 = 0. What is the remainder when 58 is divided by p?
2
Let q(s) = s**2 - 4*s + 5. Let a be q(4). Suppose 0 = 2*c + a - 105. Suppose 4*r - g = 4*g + 185, -c = -r + 5*g. What is the remainder when r is divided by 16?
13
Let g = 88 + 96. Calculate the remainder when g is divided by 19.
13
Let u = -1141 + 1178. Calculate the remainder when 94 is divided by u.
20
Suppose 284 + 213 = 7*o. What is the remainder when 425 is divided by o?
70
Calculate the remainder when (-5)/(-4) - (3 + 3045/(-12)) is divided by 51.
48
Let w(n) = 2*n + 16. Let q be w(-7). Suppose 2*o - o - 60 = -5*k, q*o = 3*k - 36. Calculate the remainder when k is divided by 7.
5
Let r(w) = -13*w + 0 - 1 + 4 + 1. Suppose -3 + 14 = f. Calculate the remainder when r(-3) is divided by f.
10
Supp